uppose -5*d + 555 = 5*a, -8*d - 109 = -a - 7*d. Let i = a + 273. What are the prime factors of i?
383
Suppose -173*z + 170*z + 107383 = -2*f, 3*z + f = 107377. What are the prime factors of z?
3, 41, 97
Let k be 0*(-4 - -5) - (1 - 4). Suppose k*a = 7*a - 108. Suppose a*q - 111 = 26*q. What are the prime factors of q?
3, 37
Suppose -9*k = -8*k - 49. Suppose -27*x - k*x + 100244 = 0. List the prime factors of x.
1319
List the prime factors of 160/192 - (-77942)/12.
2, 7, 29
Let y be (85/20 + -5)/((-1)/4). Suppose 3 = 3*l - 3*d + 18, 3*l + 27 = -y*d. What are the prime factors of l/((-21)/15) - -234?
239
Suppose 60 + 121 = t. Let r(z) = 4*z**3 + 2*z**2 + 3*z - 4. Let b be r(4). Let n = b - t. What are the prime factors of n?
5, 23
Let a(b) = -b - 3. Let d be a(-3). Suppose d = 2*h + 5*z - 861, -12*h + 8*h - 3*z = -1743. List the prime factors of h.
2, 3, 73
Suppose -5*b + 45607 = 2*t, 5*t + 43217 - 6705 = 4*b. What are the prime factors of b/30 - 9/90?
2, 19
Let i be 3*-35*4/18*-3. Suppose 5*z = -5*x - 130, -2*x + i - 10 = -2*z. Let b = 32 + z. What are the prime factors of b?
2
Suppose 6*j - 5 = 7. Suppose g = 2, -j - 12 = -2*r - 4*g. Suppose -426 = -r*o + 5*z + 107, -16 = 4*z. What are the prime factors of o?
3, 19
Let b(y) = y**2 - 13*y + 4. Suppose -3*t + 3*w + 36 = 2*w, 5*t + 5*w = 80. Let l be b(t). List the prime factors of (-8 - -6)*-1*358/l.
179
Let t(p) = 422*p + 383. List the prime factors of t(10).
4603
Let x(z) = z**2 + 15*z - 26. Suppose 8*k = 13*k + 85. Let f be x(k). List the prime factors of (1 + (-26)/f)/(18/(-936)).
3, 13
Let w be (-1)/((-9)/(-951)) + 11/(-33). Let h = 279 - w. List the prime factors of h.
5, 7, 11
Suppose -6*q + 7*q + 3*f - 8767 = 0, 4*q + 4*f - 35036 = 0. List the prime factors of q.
5, 17, 103
Let w = -713 - -841. Let b(h) = -66*h + 1. Let j be b(1). Let k = w + j. What are the prime factors of k?
3, 7
Let v(c) = 677*c**2 - 4*c + 4. Suppose 34*d + 2 = 36*d. What are the prime factors of v(d)?
677
Let t be ((-4)/6)/((-1)/(-6)). Let g be ((-1085)/28)/(1/t). Suppose -4*x = 3*c - g, 2*c - 183 = -c + 3*x. List the prime factors of c.
3, 19
Suppose 83*u - 31*u - 130572 = 16*u. List the prime factors of u.
3, 13, 31
Let q(z) = 2*z**3 - 6*z**2 + 5*z - 8. Let w be q(6). Suppose -w = -12*c - 34. Let x = 31 - c. List the prime factors of x.
2, 7
Let k(n) = -2*n - 2. Let z be k(-2). What are the prime factors of 5/((-25)/z) + (-6460)/(-25)?
2, 3, 43
Suppose -331149 - 106078 = -45*z - 122182. What are the prime factors of z?
7001
Let m = -39 + 45. Suppose x = 5*s + 283, -x + s - m*s + 243 = 0. Let r = x - 127. What are the prime factors of r?
2, 17
Suppose 7658 = 13*u - 14377. Let p = 2510 - u. What are the prime factors of p?
5, 163
Let g = -7862 - -8575. List the prime factors of g.
23, 31
Let k = 788 + -724. Let a = 47 + -21. Let d = k - a. What are the prime factors of d?
2, 19
Suppose 762*t - 671*t = 6536621. List the prime factors of t.
109, 659
Let n = -3384 - -12231. What are the prime factors of n?
3, 983
Let o = 305 + -305. Suppose -b - b = -5*q + 3487, -q - 3*b + 694 = o. What are the prime factors of q?
17, 41
Suppose -42*b + 35057 = -31*b. List the prime factors of b.
3187
Suppose 308 + 52 = 4*m. Let t be ((-3348)/m)/((-2)/10). Suppose 42 = -2*o + t. List the prime factors of o.
2, 3
Suppose -4*z - 2*w = -85588, 14*w + 106985 = 5*z + 9*w. What are the prime factors of z?
21397
Let d = 48 - -34. Suppose -d*h = -85*h - 21. Let i(a) = -a**3 - 5*a**2 - 7*a - 17. List the prime factors of i(h).
2, 5, 13
Suppose -5*r + 39075 = 2*y, -8*r = 2*r - 5*y - 78150. What are the prime factors of r?
3, 5, 521
Let s = -196 + 200. Suppose -35 = -5*l - 15, -4*l - 1388 = -s*r. What are the prime factors of r?
3, 13
Suppose -6126 = 9*l + 1533. Let u = l + 1325. List the prime factors of u.
2, 3, 79
Let v(n) = -n**3 + 53*n**2 - 84*n - 258. What are the prime factors of v(49)?
2, 5, 523
Suppose -2*i + 9 = -5*p - 0*p, -p - 6 = i. Let o be (-15)/3 - i - (0 + -1). Let d(j) = 63*j**2 - 3*j - 2. What are the prime factors of d(o)?
2
Let o(w) = -3*w**2 + 180*w + 49. List the prime factors of o(50).
1549
What are the prime factors of 223 - -5741 - 6*1?
2, 3, 331
Suppose -38269*v + 38259*v + 33358 + 61372 = 0. What are the prime factors of v?
9473
Let y = 77676 + -45987. What are the prime factors of y?
3, 7, 503
Suppose 16*c - 3*c + 26 = 0. What are the prime factors of c - 1 - (-247 - -25)?
3, 73
Let d = -122492 + 177372. List the prime factors of d.
2, 5, 7
Suppose -2*u - 2*s = 2*u - 33408, -u - 2*s + 8352 = 0. List the prime factors of u.
2, 3, 29
Suppose 0 = 2865*j - 2866*j + 18398. What are the prime factors of j?
2, 9199
Suppose 2*w - 194 = 64. Suppose 3*t - w = 5*b, 2*t = -3*t + 2*b + 234. Let f = t + 37. What are the prime factors of f?
5, 17
Suppose y + 4*b - 3303 = 0, -81 = 25*b - 6. List the prime factors of y.
3, 5, 13, 17
Let m(v) = v**3 + 11*v**2 - 12*v + 6. Let a be m(-12). Let q be 3*2/a + 159. Suppose 120 = 4*r - q. What are the prime factors of r?
2, 5, 7
Suppose -22*o + 38*o - 24*o + 6416 = 0. Suppose 2760 = -3*i - 2*i. Let v = o + i. List the prime factors of v.
2, 5
Let u = 10466 - 15. List the prime factors of u.
7, 1493
Let s = 4700 + 19893. List the prime factors of s.
24593
Let o(y) = -8*y**3 - 11*y**2 - 10*y - 2. Let i be o(-4). What are the prime factors of 4 + (47056/i - (-4)/22)?
2, 5, 13
Let r = -24 + -18. Let m = r + 52. Suppose -m*l - 6*l = -1104. List the prime factors of l.
3, 23
Let u(w) be the third derivative of 5*w**4/6 - 86*w**3/3 - w**2 - 31. List the prime factors of u(21).
2, 31
Let w = 103 + -100. What are the prime factors of 22/165*-5 - (-344)/w?
2, 3, 19
Let n be 95/90*3 - 3/18. What are the prime factors of (3682/35 + 8)/(n/15)?
2, 283
What are the prime factors of -3 + (2 - 3) - ((-37 - 3) + -11700)?
2, 3, 163
Let h(g) = -428*g - 3955. What are the prime factors of h(-28)?
7, 31, 37
Let q be 8*((-1)/(-3))/(2/3). Let v(x) = 7 + q*x + 3*x + 0*x**3 - x**3 - x - 7*x**2. List the prime factors of v(-8).
23
Let j(y) = 3*y**2 + 54*y - 1335. What are the prime factors of j(-71)?
2, 3, 7, 79
Suppose 3 = i + 5*w, -5*w + 6*w = 0. Let o(x) = 39*x**2 + 11*x + 3. List the prime factors of o(i).
3, 43
Let m(j) = 4*j**3 - 39*j**2 + 35*j - 52. What are the prime factors of m(15)?
2, 23, 113
Let a(o) = 67*o**2 + 8*o + 364. List the prime factors of a(15).
15559
Let a(k) = k**2 + 6*k + 6. Let g be a(-6). Suppose -g*x = -0*x - 1842. Suppose -z - x = -4*q, 117 = 2*q + 5*z - 64. What are the prime factors of q?
2, 3, 13
Let v be 4/(-4 - 117/(-30)). What are the prime factors of -1*113*(v + 37)?
3, 113
Let f(j) = 2*j**3 - 17*j**2 + 41*j - 37. List the prime factors of f(17).
5573
Let d(q) = 143*q**2 + 17*q + 147. List the prime factors of d(-9).
3, 17, 227
Let g = 296 - -22. Let m be 1905/25 + (0 - -4*(-7)/140). Let o = g - m. What are the prime factors of o?
2, 11
Let w(l) = 0 + 8 - 4*l**2 + 4*l - 7 + 16*l**2 + 1. Suppose 5*h = -2*x - 2, -2*x - 2*x = h - 14. List the prime factors of w(h).
2, 3, 7
Suppose 0 = 2*z - p - 30, -2*z + 5*p = -6*z + 46. Suppose -z = -3*c - 2. Suppose -4*k = 0, -7*k = -c*b - 2*k + 996. What are the prime factors of b?
3, 83
Suppose o = -22 + 27. Suppose -3*r - 5*w - 26 = 6, o*r + 2*w = -28. Let n = r + 19. What are the prime factors of n?
3, 5
Let j = 95 + -91. Suppose -j*h + 3*b + 517 = 0, -2*h + 3*b = h - 387. List the prime factors of h.
2, 5, 13
Let v = 4530 - 2513. What are the prime factors of v?
2017
Let n(l) = 3*l**3 - 6*l**2 - 66*l + 592. What are the prime factors of n(8)?
2, 19
Let d = 4490 - -4863. What are the prime factors of d?
47, 199
Let q(o) = 8063*o + 709. What are the prime factors of q(3)?
2, 59, 211
Let a be 52/7 + (-120)/(-210). Suppose 18 = 5*v + a. What are the prime factors of v?
2
What are the prime factors of (6*(-328)/(-192))/(3/84)?
7, 41
Suppose 17781 = 2*r + 4*z + 5837, -r = -5*z - 5993. What are the prime factors of r?
2, 7, 61
Let r(b) = 6490*b + 13503. What are the prime factors of r(7)?
7, 8419
Suppose -t = -5*t - 4. What are the prime factors of (1728 - -1) + 24/6 + t?
2, 433
Let s = -12818 - -22223. List the prime factors of s.
3, 5, 11, 19
Let n(s) = -4*s**2 + 5*s + 10. Let a(w) = -w**3 - w**2 + w - 1. Let p(t) = a(t) - n(t). What are the prim